+ 0*s - 558 = -3*a, 4*s - 740 = -5*a. Let u = s - 10. Calculate the highest common factor of 135 and u.
45
Let f = -26912 - -26936. Let t(l) = l**2 - 8*l + 6. Let y be t(9). What is the highest common factor of f and y?
3
Suppose -2*x + 3*t = -20, 13*t - 14*t = 5*x + 1. What is the greatest common factor of x and 199?
1
Suppose -3 = -5*t - 13. Let d be (-1 + 14 - t)*(4 + -2). What is the greatest common divisor of 60 and d?
30
Let f = -10319 + 13523. Calculate the greatest common divisor of f and 72.
36
Suppose -2*i + 12177 = 5*t, -109*i + 4*t = -114*i + 30400. Calculate the greatest common factor of i and 217.
217
Let a be (-555)/(-74)*1/((-10)/(-4)). Suppose -5*d - 28 = a*o + o, -2*o = 4. Let c be 12 - (d/2 - -1). What is the greatest common factor of 65 and c?
13
Suppose 58*m + 30632 = 129*m - 64*m. Calculate the greatest common divisor of m and 8.
8
Let m = 98 - 94. Suppose -m*v = -52 - 56. What is the greatest common divisor of v and 3?
3
Let h(l) = 19*l - 58. Let q be h(8). Suppose 0 = -8*t + 50 + q. Let p = 29 - t. Calculate the greatest common divisor of 11 and p.
11
Let k = -4144 + 4186. What is the highest common divisor of 518 and k?
14
Suppose 104 = -5*y - p, 0 = -2*p - 0 + 2. Let u be (18/21)/(y/(-392)). What is the greatest common factor of 304 and u?
16
Let x be 1/(-7) + (-261210)/(-35). Suppose -28*w + 22359 = x. Calculate the greatest common factor of w and 152.
76
Let k = -17606 + 28925. Calculate the greatest common divisor of k and 49.
49
Suppose -3*g = g - 1176. Calculate the highest common factor of 336 and g.
42
Suppose 0 = w - 21*w + 3000. Let u(k) = 15*k - 180. Let j be u(14). What is the highest common divisor of j and w?
30
Let n(i) = 15*i**2 + 10*i + 17. Let k = 12 + -14. Let b be n(k). What is the highest common divisor of b and 38?
19
Suppose 6938 = 4*f + h, 5*f + 173*h - 8666 = 175*h. Calculate the greatest common divisor of f and 204.
102
Let o(x) = -x**2 - 28*x + 63. Let g be o(-30). Let z be ((-80)/(-15))/(g + (-7)/3). What is the highest common divisor of z and 32?
8
Let q = -2185 - -4072. Calculate the greatest common factor of 17 and q.
17
Suppose 1724 - 464 = 7*t. What is the greatest common divisor of 90 and t?
90
Suppose 34*j - 191 = -8*j + 397. What is the highest common factor of j and 46?
2
Let l be 1290/8 - 3/12. Suppose 4*f + 2*g = 4*g + 208, 3*g = -6. Suppose f = 2*n - 5*x, -25 = -n - x + 3*x. Calculate the highest common divisor of n and l.
23
Suppose -2*w + 2*v + 89 = 33, 0 = -2*v + 10. Calculate the greatest common divisor of 1408 and w.
11
Suppose 33*l = -82 + 808. Let g be (-1)/(-2*3/132). What is the highest common divisor of l and g?
22
Let z(v) = -4*v - 1. Let h be z(-3). Let p(t) = 10*t**2 + 33*t - 24. Let y be p(-8). Calculate the greatest common factor of y and h.
11
Let q(f) = -13*f + 1380. Let y be q(55). Calculate the greatest common divisor of 315 and y.
35
Let f(i) be the first derivative of -1/2*i**2 + 21*i + 10. Let b be f(6). What is the greatest common factor of 45 and b?
15
Let z be (63 + -1)*87/174. Suppose 9*v - 6591 = 2337. Calculate the greatest common divisor of v and z.
31
Suppose 2*z + 3*c = -z, 5*z - 3*c = 40. What is the greatest common factor of 27 and z?
1
Suppose 4*d - 4*l - 13288 = 0, -4*d + 13979 = 5*l + 664. Calculate the greatest common factor of d and 133.
133
Let d be (-1)/((-2)/(-6)*(2 - 3)). Let t be -30*(2/(-18))/(1/d). Calculate the highest common factor of t and 170.
10
Suppose 2*y + 155*k = 160*k + 142, -4*k - 65 = -y. Calculate the greatest common factor of y and 6021.
27
Suppose 66*w + 234743 - 340734 - 289217 = 0. What is the greatest common divisor of w and 24?
12
Suppose 5*f - f = 1936. Let r be 42/((-14)/(-2)) + 2*297. Let s = r + -556. What is the greatest common divisor of s and f?
44
Let k be (-24 - 18)/((-6)/63). What is the highest common factor of k and 54?
9
Suppose 57*a - 76*a = 0. Let b(v) = 13*v + 41. Let n be b(a). Calculate the highest common divisor of 451 and n.
41
Let o = -13525 + 13551. Calculate the greatest common divisor of o and 7943.
13
Let h(j) = -j + 53. Let i be h(-15). Calculate the highest common factor of i and 187.
17
Let m(a) = -a**2 + 16*a - 48. Let t(c) = 4*c - 41. Let y be t(12). Let j be m(y). Calculate the highest common factor of 25 and j.
5
Suppose -n + 4*a + 5 = -16, 13 = 3*n - 2*a. Let j be n + (-4 - (-68)/1). Suppose l - 4 = 9. Calculate the greatest common divisor of l and j.
13
Let s = -261 - -287. Suppose -199 = -25*v + s. What is the greatest common divisor of 4 and v?
1
Let k(j) = j**2 + 2995*j - 14784. Let b be k(5). Suppose -2*o = -0*o + 8. Let v be (-2)/o + (-159)/(-6). What is the highest common divisor of b and v?
27
Let c = -125 + 128. Suppose 0 = -s - k + 7, -c*s = -4*s + k + 3. What is the highest common factor of s and 55?
5
Suppose 0 = 174*f - 10538 - 3888 + 2246. Let r = -5 + 10. Calculate the greatest common factor of f and r.
5
Suppose 35*r - 2788 - 4350 = 1682. What is the greatest common factor of 13482 and r?
126
Suppose -4*u + 5*n = -10, 5*u + 5*n - 2 = 6*n. Let b be u + 1 + (-1 - 0). Suppose -6*c + 28 - 4 = b. What is the highest common factor of c and 20?
4
Let w = -7934 - -7969. What is the highest common divisor of w and 745?
5
Let t(b) = -119*b + 3925. Let k be t(32). Calculate the highest common factor of 1677 and k.
39
Suppose 3*k + 164 = 4*k + g, 0 = 2*k - 3*g - 308. Let z be (-1952)/(-80) + (-6)/(-10). Let r = z + -5. What is the highest common factor of r and k?
20
Let y be 19 + 10 - -10 - -9. Let z = -34 + 37. Calculate the greatest common factor of y and z.
3
Let d(x) = x**2 + x - 126. Let j be d(14). Calculate the highest common factor of j and 276.
12
Let d be 3 + (-12)/3 + (1 - 31). Let t be -2*d/4*4. Suppose 5 = -i, 3*k - 2*i = k + t. Calculate the highest common divisor of k and 13.
13
Let h(l) = -25*l + 8. Let m be h(-2). What is the greatest common factor of m and 15254?
58
Let o = -32 + 67. Let n = -258 - -313. Let p = n - 45. Calculate the greatest common divisor of o and p.
5
Suppose 215 = t - v, 0 = -5*t - 3*v + 320 + 763. What is the highest common factor of 14 and t?
2
Suppose 5*n - 2*n = 975. Let k be 740/(-80) + 22 + 5/(3 - -17). Calculate the highest common divisor of k and n.
13
Suppose 21*b - 18*b = -27*b + 240. What is the greatest common divisor of b and 2500?
4
Let f be (-1)/((-25)/2440) - (-6)/(-10). Let j = 205 - f. What is the greatest common factor of 36 and j?
36
Let u = -94 + 82. Let x be (-5)/(-2)*u/(-15) + 4. What is the greatest common factor of 6 and x?
6
Let g(i) = 7*i**2 + 37*i - 53. Let x(u) = 6*u**2 + 37*u - 55. Let d(w) = 5*g(w) - 6*x(w). Let l be d(-19). Calculate the highest common divisor of l and 11.
11
Suppose -12 = -3*z + 4*g, -4*z + 3*g = 2 - 18. Suppose 135 = -z*w + 13*w. What is the highest common divisor of 240 and w?
15
Suppose 3*o - 522 = -0*o. Let a = -163 + o. Calculate the highest common divisor of a and 22.
11
Let i be (-220)/(4/(-5)*-35*(-15)/210). What is the greatest common factor of i and 5665?
55
Let d(a) = 106*a**2 - 5*a - 3. Let p be d(3). Let v be (8/(-6) + 2)*p/13. What is the highest common factor of v and 96?
48
Let j(v) = -v**2 + 59*v - 166. Let b be j(44). Calculate the highest common factor of b and 182.
26
Suppose -29*i + 442 = -12*i. Let c(d) be the third derivative of d**5/15 - d**4/2 + d**3 + 7*d**2. Let v be c(6). What is the highest common divisor of v and i?
26
Let n be 3/9 + (-249)/(-9). Let p(w) = -64*w**3 - w**2 - 1. Let s be p(1). Let k = 150 + s. What is the greatest common divisor of k and n?
28
Let x(v) = -17*v - 8. Let m(b) = 17*b - 18. Let c be m(1). Let q be x(c). What is the greatest common factor of 45 and q?
9
Let r = 36 - 26. Suppose -6*g + 276 = 84. Let o = g + r. What is the greatest common factor of 6 and o?
6
Suppose 15 + 3 = 3*i. Let f(y) = 6*y**2 - 46*y - 18. Let a be f(9). Suppose -50*t + 46 = -a. What is the highest common factor of t and i?
2
Let t be 1 - -1 - (-4 + -1). Let z = -1348 - -2123. Suppose -t*m = -2*m - z. What is the greatest common divisor of m and 31?
31
Let d(f) = f + 82. Let g(w) = -w**2 - 8*w - 1. Let y be g(-9). Let h be d(y). What is the highest common divisor of h and 16?
8
Suppose 0 = -57*d + 58*d - 28. Let t be (d/10)/(12/60). Let q(a) = -a**2 + 7*a - 5. 